= -k + 1. Suppose -3*h + 2 = -5*w + 20, -3*w = k*h - x. What is the remainder when 3 is divided by w?
0
Suppose 3 = -11*s + 12*s. What is the remainder when (-16)/12 - (4 + 518/(-6)) is divided by s?
0
Let t(i) = i**3 + 14*i**2 - 16*i + 3. Let c = -116 + 13. Let l = 190 + c. What is the remainder when l is divided by t(-15)?
15
Let u be 3/((-3)/(-5))*1. Suppose -68*v + 33 = -307. Calculate the remainder when u/(-5) + 2*12 is divided by v.
3
Let z = -6037 + 6041. What is the remainder when 4837 is divided by z?
1
Let j(z) = z**3 + 41*z**2 + 104*z - 124. Calculate the remainder when 2047 is divided by j(-38).
255
Suppose 0 = -6*m + 80 + 46. Suppose -m*y = -13*y - 568. What is the remainder when y is divided by 36?
35
Suppose 0 = -3*t - 5*c + 972, -5*t - 19*c = -23*c - 1546. Calculate the remainder when t is divided by 9.
8
Suppose -5*o + 174 - 94 = 0. Suppose -r - 2*j = 3*r - 208, -110 = -2*r - 4*j. What is the remainder when r is divided by o?
3
Suppose -30*j - 30*j = -30840. Calculate the remainder when j is divided by 81.
28
Suppose 0 = 30*t + 45*t + 29*t - 4472. Calculate the remainder when 851 is divided by t.
34
Let v be 0/1 - (11 - 67). Calculate the remainder when 347 is divided by (-1)/(((-2)/5)/(v/35)).
3
Suppose -2*f + i + 488 = -i, 0 = -5*f + 3*i + 1230. What is the remainder when f is divided by (0 - (-60)/(-35))/((-3)/63)?
33
Let y be (2 - 15/10) + (-5)/(-2). Let n be ((-1 + 607)/y)/(-2). Let b = n - -178. Calculate the remainder when b is divided by 27.
23
Let o = 5594 - 5149. What is the remainder when o is divided by 207?
31
Let a(h) = h**3 - 3*h**2 + 15*h - 118. What is the remainder when 17 is divided by a(5)?
3
Let u = 42 - 29. Let s = -11 + u. Calculate the remainder when 87 is divided by (3*s)/((-12)/(-30)).
12
Suppose 95*g = 98*g + 15, -11 = -q - 3*g. Suppose -2*a - 2*v = 2*v + 2, 5*a = 5*v + 10. Let h = a + 6. Calculate the remainder when q is divided by h.
5
Let p(r) = -82*r + 5. Suppose 6*o - 630 = -120. Let t = 119 - o. Calculate the remainder when p(-2) is divided by t.
33
Suppose 0 = 2*z - 18 + 6. Let w = -71 - -79. Let n(q) = 5*q + 6. Calculate the remainder when n(w) is divided by z.
4
Suppose -3*a = 5*z + a - 19, 2*z + 3*a = 9. Suppose -z*l - 5*i - 53 = -5*l, i = -2*l + 23. What is the remainder when 37 is divided by l?
9
Let v be (-18)/(-5)*(-110)/(-4). Let d = -91 + v. Suppose -w + 234 = d*w. Calculate the remainder when 76 is divided by w.
24
Let p(z) = 13*z - 65. Suppose 3*v = 0, -2 - 33 = -5*x + 2*v. What is the remainder when p(x) is divided by 10?
6
Suppose -17*f - 2*t - 12132 = -24*f, -t = -f + 1736. What is the remainder when f is divided by 577?
1
Let z(p) = 52*p - 725. What is the remainder when z(21) is divided by 46?
45
Suppose 2*m - 4*m = -8. Suppose m*k - 3*k = 13. Suppose 0 = -2*b + 13 + k. What is the remainder when 51 is divided by b?
12
Suppose 25 = -m + 9. Let p = -11 - m. Suppose 4*x = p*x - 23. What is the remainder when 113 is divided by x?
21
Suppose -158*o + 92 + 448 = 22*o. What is the remainder when 2210 is divided by o?
2
Let b = 128 + -52. Let i = 79 - b. Suppose 0 = -0*z + 4*z + q - 530, -i*z + 2*q + 403 = 0. Calculate the remainder when z is divided by 27.
25
Let i be 2/(-2 - 0/3). Suppose 5*o = -3*k + 160, o - 32 = -4*k + 3*k. Calculate the remainder when o is divided by i - (2 + 0)*-4.
4
Let z(c) = -17*c + 156. What is the remainder when 2878 is divided by z(8)?
18
Suppose -1349 - 3355 = -13*z - 15*z. What is the remainder when 4193 is divided by z?
161
Let p(q) = 10*q**2 - 2*q + 8. Suppose -9335*y + 162 = -9333*y. Calculate the remainder when p(4) is divided by y.
79
Let n(c) = -4*c + 58. Let h = 49 - 68. What is the remainder when n(h) is divided by 48?
38
Let l(n) = 15*n**2 + n. Suppose -4*v + 0 + 4 = 0. Suppose -5*i = 5, 4*i - 9 = -3*a + 59. What is the remainder when a is divided by l(v)?
8
Suppose -19*g - 75*g + 27166 = 0. Let b = g - 248. Suppose 78 = 2*p + 5*c - 99, -5*c = -2*p + 147. What is the remainder when p is divided by b?
40
Let j = -24 + 33. Let n(b) = -4*b + 10. Calculate the remainder when n(-7) is divided by -12*2/((j/3)/(-1)).
6
Let y(b) = 10*b + b**2 + 16 - 6*b**2 + 6*b**2. Let v be y(-9). Suppose -v*f - 297 = -8*f. What is the remainder when f is divided by 30?
27
What is the remainder when 311 is divided by ((-13984)/(-24))/23 - (-24)/9?
3
Calculate the remainder when 1*(-6)/(9/(-9)) - -181 is divided by 41.
23
Let o = 2 - -9. Suppose -6*l - 20 = -5*s - o*l, -2 = -2*s + l. Suppose -2*f - s*f + 76 = 0. Calculate the remainder when f is divided by 4.
3
Let d be 45/12 - 10/(-8). Calculate the remainder when 424 is divided by 1*35/d + 18.
24
Let u(p) = p**3 + 20*p**2 + 13*p - 83. Let v = -95 + 135. What is the remainder when v is divided by u(-19)?
9
Suppose -4*t - m + 18 = -8, -4 = 2*m. What is the remainder when 362 is divided by t?
5
Let r(b) = -61*b + 202. Calculate the remainder when 321 is divided by r(3).
17
Suppose -3*o = -d - 0*d - 10, 0 = 2*o - 2*d - 4. Suppose 0*w - o*w = -3*w. Suppose w*f = -5*f + 35. What is the remainder when 18 is divided by f?
4
Suppose 370 = -9*n + 19*n. Suppose 2*g - 47 = -g - x, 0 = g - 5*x - n. Calculate the remainder when 17 is divided by g.
0
Let y = -20 - -30. Suppose -6*a + 10 = -a, 4*a + 12 = 4*m. Suppose -5*r + 43 = -4*r - 2*z, 0 = m*r + 3*z - 176. What is the remainder when r is divided by y?
7
Let m = 2071 - 2059. Calculate the remainder when 226 is divided by m.
10
Suppose 137 = 7*c + 46. Suppose 4*y + 2*g = 74, 16*y - c*y - 5*g = 75. Calculate the remainder when 56 is divided by y.
16
Let x(g) = g**3 - 2*g**2 + 18*g - 32. Calculate the remainder when x(5) is divided by 26.
3
Suppose -173 - 75 = -2*w. Let t = 137 - w. Suppose -x - t = -27. What is the remainder when x is divided by 6?
2
Let t be 63/105*(-20)/(-6). Suppose -q + 10 = -t*i, -q + 6*q - 4*i - 56 = 0. Calculate the remainder when 93 is divided by q.
9
Let n = -28072 - -28370. Calculate the remainder when 52743 is divided by n.
295
Suppose 3*x - 3803 = -4*r, -5*x - 5*r = -3476 - 2864. What is the remainder when x is divided by 8?
5
Suppose -5*g - 95 - 60 = 0. Let v(q) = 3*q**2 - 3*q - 1. Let b be v(4). Let h = g + b. Calculate the remainder when 15 is divided by h.
3
Let h = -211 - -207. Let i = 9 + h. What is the remainder when i is divided by 3?
2
Let p(i) = -11*i + 1. Let s be (-4 - (-22)/2)/1*-2. Calculate the remainder when (-6 - 88)*(s/4 - -3) is divided by p(-1).
11
Suppose 21*t - 10633 = 25109. What is the remainder when t is divided by 87?
49
Let j = -11815 - -12070. Calculate the remainder when j is divided by 86.
83
Suppose 0 = -5*i + 1002*w - 1006*w + 995, -2*w = 3*i - 597. Calculate the remainder when 398 is divided by i.
0
Suppose -1033 = -11*x + 1134. Suppose x = 4*r + 65. What is the remainder when r is divided by 20?
13
Let y(m) = 12*m**2 - 367*m + 216. What is the remainder when ((-1)/(2/44))/(-1) is divided by y(30)?
4
Let x(d) = d**2 - 2*d - 2. Let z(c) = c**2 + 15*c + 18. Let v be z(-14). What is the remainder when 196*1*2/v is divided by x(-5)?
32
What is the remainder when 235 is divided by ((-6)/(-4))/((-2)/(-8) - (-266)/(-1292))?
31
Let m = 165 - 164. Calculate the remainder when ((-153)/27)/(m/(-24)) is divided by 28.
24
Let r = 1026 + -911. What is the remainder when r is divided by 68?
47
Calculate the remainder when 2684 is divided by (-1876)/21*-30 - (7/1)/7.
5
Suppose -114*d = -110*d + 24. What is the remainder when 174 is divided by 3 + d - -3 - -44?
42
Let n = -13 - -30. Calculate the remainder when ((-3 - -161)*1)/2 is divided by n.
11
Suppose -4*x + x + 3*v + 12 = 0, -5*x - v + 14 = 0. Suppose x*f - y = 32, -5*f + 12 = -3*f - 3*y. Calculate the remainder when 25 is divided by f.
1
Let n(y) = -y**3 - 2*y**2 - y - 1. Suppose -8*i + 36 = i. Suppose i*c + 81 = 6*c - q, 25 = -5*q. What is the remainder when n(-6) is divided by c?
35
Let i = 8074 - 6594. Calculate the remainder when i is divided by 27.
22
Let y(k) = -16*k - 1 - 23*k**2 - 10 + 15*k**2 + k**3 - 11. Let j(q) = -q**3 - 7*q**2 - 2*q - 9. What is the remainder when j(-8) is divided by y(10)?
17
Let x = 5634 - 5538. Calculate the remainder when x is divided by 37.
22
Suppose 287 = -8*v + 49*v. Suppose -v*c = -101 - 235. What is the remainder when c is divided by 2